a(1)?
107
Let t(i) = 17*i - 48. What is t(3)?
3
Let m(n) = -25*n - 2. Determine m(1).
-27
Let f(a) = -a - 24. Calculate f(0).
-24
Let m(j) = j**2 - 16*j + 18. Calculate m(15).
3
Let s(t) = -13*t - 25. Give s(-7).
66
Let i(c) = 3*c + 9. Determine i(-6).
-9
Let v(h) = 2*h**2 + 21*h - 7. What is v(-10)?
-17
Let y(q) = q**2 + q - 1. Determine y(-5).
19
Let j(w) = w**2 + 10*w + 11. Give j(-10).
11
Let s(r) = r - 44. What is s(9)?
-35
Let f(d) = -34*d + 409. Determine f(12).
1
Let n(x) = 4*x**2 - x + 1. Determine n(1).
4
Let k(l) = l**2 + 14*l + 23. Give k(-11).
-10
Let v(x) = -2*x - 2. What is v(-4)?
6
Let n(h) = 31*h**2 + 11*h. Calculate n(-1).
20
Let z(x) = -3*x**2 + 30*x - 73. Determine z(5).
2
Let i(y) = -y**3 + 16*y**2 - 16*y + 21. What is i(15)?
6
Let b(l) = -l**2 - 21*l - 101. Determine b(-7).
-3
Let d(k) = -k**3 + 32*k**2 + 3*k - 100. Determine d(32).
-4
Let m(v) = -3*v + 15. Determine m(1).
12
Let f(l) = l**2 - 13*l + 8. What is f(12)?
-4
Let w(y) = -3*y - 2. What is w(-6)?
16
Let a(p) = 2*p - 19. Give a(13).
7
Let o(r) = r - 8. Give o(-12).
-20
Let p(i) = -2*i**3 - 3*i**2 - 16*i - 30. Calculate p(-2).
6
Let k(h) = 2*h**2 - 85*h - 24. Calculate k(43).
19
Let h(k) = 6*k. What is h(-1)?
-6
Let m(n) = -3*n + 11. Determine m(5).
-4
Let l(s) = -8*s**2 - 244*s - 118. Determine l(-30).
2
Let t(c) = -2*c**2 - 16*c - 12. What is t(-10)?
-52
Let w(q) = q**3 - 25*q**2 + 70*q - 35. Calculate w(22).
53
Let f(u) = 16*u - 11. Calculate f(3).
37
Let a(o) = -o**3 + 12*o**2 - 10*o - 13. Calculate a(11).
-2
Let x(z) = z**2 - 8*z - 10. Calculate x(-4).
38
Let x(v) = -24*v + 56. What is x(2)?
8
Let v(o) = 6*o - 38. Give v(11).
28
Let f(n) = -4*n**2 - 23*n + 15. What is f(-6)?
9
Let v(l) = -6*l + 6. Give v(-3).
24
Let l(p) = p**3 - 3*p**2 + 3*p + 5. Calculate l(4).
33
Let b(d) = -14*d**2 + d - 1. Determine b(1).
-14
Let t(q) = q**3 - 5*q**2 - 7*q + 2. Determine t(5).
-33
Let p(f) = -f**2 + 16. Determine p(-4).
0
Let u(r) = 3*r**2 - 4*r - 8. What is u(3)?
7
Let o(t) = -t - 8. Determine o(4).
-12
Let j(p) = -p + 4. Calculate j(-5).
9
Let n(o) = 2*o**2 - 38*o - 73. Give n(21).
11
Let o(d) = 2*d**3 + 3*d**2 + 4*d + 1. Determine o(-4).
-95
Let r(c) = 10*c**3 - 3*c**2 + 3*c - 2. What is r(1)?
8
Let h(f) = -f**3 - 14*f**2 + 3*f + 8. Calculate h(-14).
-34
Let x(y) = -y**3 - 23*y**2 + 49*y - 34. What is x(-25)?
-9
Let p(y) = -y**2 - 3*y + 5. Determine p(2).
-5
Let k(w) = w**2 + 17*w + 27. Calculate k(-15).
-3
Let z(l) = 2*l**2 + 9*l - 5. Determine z(-7).
30
Let q(v) = 20*v - 115. Calculate q(6).
5
Let b(t) = t + 8. What is b(8)?
16
Let n(i) = -7*i - 44. Give n(-13).
47
Let u(y) = 9*y**3 + y**2 + 3*y + 1. Calculate u(-1).
-10
Let m(n) = -4*n - 47. Give m(-13).
5
Let f(h) = -55*h**3 - h**2 - h - 1. Determine f(-1).
54
Let a(g) = g**2 + 8*g + 9. What is a(-7)?
2
Let o(n) = 5*n - 11. Give o(13).
54
Let k(z) = -z**3 - 3*z**2 - 3*z - 5. Calculate k(-4).
23
Let j(a) = -a - 31. What is j(-8)?
-23
Let q(x) = 17*x + 188. Calculate q(-11).
1
Let g(j) = -j**3 - 4*j**2 + 4*j - 1. Give g(-5).
4
Let a(f) = f**3 - 8*f**2 + 6*f + 16. What is a(7)?
9
Let z(s) = -s**3 + 6*s**2 + 9*s - 2. Give z(7).
12
Let h(r) = r + 1. Determine h(11).
12
Let z(n) = n**3 - 15*n**2 + 9*n + 63. Calculate z(14).
-7
Let z(f) = f**3 + 12*f**2 + f + 2. Give z(-12).
-10
Let i(q) = 13*q - 26. Give i(2).
0
Let c(v) = 19*v**2 - v + 4. Determine c(1).
22
Let t(r) = -7*r + 62. Determine t(7).
13
Let h(q) = 3*q - 4. Give h(6).
14
Let n(g) = -5*g**3 + 2*g**2 + 3*g + 2. Give n(-1).
6
Let s(y) = y**2 + 7*y - 8. Determine s(-6).
-14
Let g(j) = j**2 - 19*j - 6. Give g(14).
-76
Let i(u) = -2*u**2 - 45*u - 245. Determine i(-12).
7
Let q(p) = 2*p - 34. Determine q(17).
0
Let i(b) = b**2 - 6*b - 5. What is i(11)?
50
Let k(y) = -y - 39. Give k(0).
-39
Let t(d) = -14*d + 236. Calculate t(18).
-16
Let t(n) = n**3 - 8*n**2 - 9. Determine t(9).
72
Let k(s) = -s + 19. Calculate k(11).
8
Let x(u) = -15*u + 5. Calculate x(-4).
65
Let c(p) = -15*p**3 - 2*p**2 - 2*p - 1. Determine c(-1).
14
Let l(g) = -4*g - 11. Give l(-6).
13
Let h(v) = v**2 + 8*v - 2. Calculate h(-8).
-2
Let j(f) = f**3 - f. Give j(-2).
-6
Let f(q) = 10*q - 477. Give f(48).
3
Let h(k) = k**2 - 7*k + 8. Determine h(1).
2
Let p(g) = -2*g**2 - 11*g - 6. What is p(-5)?
-1
Let s(c) = -c**3 - 39*c**2 - 43*c - 187. Determine s(-38).
3
Let z(a) = -3*a**2 + 16*a + 4. What is z(4)?
20
Let t(x) = -x**3 - 12*x**2 + 64*x - 8. Give t(-16).
-8
Let r(l) = l**3 - 14*l**2 - 13. What is r(14)?
-13
Let g(p) = 6*p + 8. Determine g(-2).
-4
Let v(g) = 2*g - 19. What is v(12)?
5
Let v(q) = q**3 - 6*q**2 + 13. What is v(6)?
13
Let c(v) = v**2 + 24*v + 34. What is c(-22)?
-10
Let i(s) = -s**3 + 2*s - 5. Give i(2).
-9
Let w(g) = 2*g**2 - 14*g + 5. Determine w(5).
-15
Let w(z) = -93*z + 256. What is w(3)?
-23
Let m(u) = -u**3 - 5*u**2 + u + 6. Calculate m(-5).
1
Let t(l) = -l**3 + 13*l**2 - 25*l + 27. Give t(11).
-6
Let g(n) = n - 8. Calculate g(8).
0
Let j(t) = 16*t - 451. What is j(28)?
-3
Let f(d) = d**3 - 25*d**2 - 85*d + 45. Calculate f(28).
17
Let v(m) = 5*m**2 + 4*m - 55. Calculate v(3).
2
Let s(v) = -v**2 - v - 16. Give s(0).
-16
Let j(k) = 14*k - 42. What is j(3)?
0
Let i(h) = -2*h + 35. Calculate i(16).
3
Let y(f) = -f**2 - 17*f - 61. Give y(-11).
5
Let l(b) = -3*b + 13. Calculate l(9).
-14
Let w(p) = -2*p**2 - 22*p - 54. Calculate w(-5).
6
Let b(x) = x + 26. Give b(-20).
6
Let g(i) = -8*i**2 + 1. Calculate g(1).
-7
Let c(y) = y - 58. Determine c(0).
-58
Let v(c) = 2*c**2 - 13*c - 5. Determine v(7).
2
Let r(y) = y**2 + 4*y - 4. Give r(-5).
1
Let x(n) = -25*n + 99. Give x(4).
-1
Let c(n) = 2*n**2 - 6*n - 8. What is c(3)?
-8
Let n(p) = 6*p**2 + p - 1. Give n(-1).
4
Let k(u) = -u**2 - 6*u - 4. What is k(-9)?
-31
Let s(v) = -v**3 - 8*v**2 - v - 11. Determine s(-8).
-3
Let v(o) = -o - 1. What is v(-7)?
6
Let g(l) = 2*l - 19. Determine g(12).
5
Let y(t) = -11*t**2 + 48*t - 7. What is y(4)?
9
Let u(d) = 3*d**2 - 4*d - 3. Determine u(0).
-3
Let d(c) = -c**2 - 4*c + 19. What is d(-3)?
22
Let s(m) = 12*m + 34. Determine s(-6).
-38
Let g(v) = v - 8. Determine g(8).
0
Let i(o) = -o - 20. Calculate i(-8).
-12
Let m(d) = d**2 - 12*d + 3. Give m(9).
-24
Let v(w) = w**2 - 3*w - 12. Determine v(3).
-12
Let j(n) = -4*n + 12. Determine j(6).
-12
Let q(c) = -8*c - 11. Calculate q(-5).
29
Let x(d) = d**2 - 28*d - 77. Calculate x(30).
-17
Let b(y) = -y - 31. What is b(-12)?
-19
Let a(d) = d - 2. What is a(-8)?
-10
Let d(z) = z - 20. Determine d(-13).
-33
Let i(v) = v**2 + 3*v - 2. What is i(1)?
2
Let u(r) = -8*r - 65. What is u(-9)?
7
Let y(l) = -26*l - 150. Calculate y(-6).
6
Let s(z) = -z**3 + 21*z**2 + 27*z - 19. Give s(22).
91
Let m(s) = s**2 + 8*s + 15. Determine m(-6).
3
Let b(a) = a - 12. What is b(7)?
-5
Let q(z) = z**3 - 10*z**2 + 8*z + 17. What is q(9)?
8
Let n(o) = o**3 - 6*o**2 + 5*o - 4. Determine n(6).
26
Let r(l) = l**2 + 2*l + 1. Calculate r(4).
25
Let j(l) = -2*l**2 + 11*l - 19. Calculate j(3).
-4
Let h(v) = v**2 - 18*v + 46. Give h(14).
-10
Let n(w) = w**3 - 16*w**2 + w - 16. Determine n(16).
0
Let g(t) = t**2 + 10*t - 8. Determine g(-14).
48
Let x(h) = -2*h**2 + 3*h - 1. What is x(5)?
-36
Let b(k) = k**3 + 12*k**2 - 51*k - 91. Determine b(-15).
-1
Let q(m) = m**2 + m - 4. What is q(0)?
-4
Let x(o) = -o**3 - 3*o**2 + 4*o + 5. Calculate x(-4).
5
Let p(l) = -6*l - 20. Give p(-4).
4
Let o(f) = 7*f**3 + f**2 - f + 2. Determine o(1).
9
Let w(y) = -y**2 - 9*y + 16. What is w(-10)?
6
Let p(d) = -2*d + 54. Determine p(20).
14
Let t(g) = g**2 - 12*g + 9. Determine t(6).
-27
Let m(d) = 2*d - 5. Give m(4).
3
Let w(k) = -k**3 - 17*k**2 + 37*k - 12. Give w(-19).
7
Let g(n) = -7*n**2 - 40*n + 9. What is g(-6)?
-3
Let d(g) = g + 12. Determine d(-8).
4
Let u(y) = -y**3 + 8*y**2 + 4*y - 2. Determine u(8).
30
Let f(r) = r**2 - 12*r + 1. Determine f(12).
1
Let n(o) = o**2 - 13*o - 7. Give n(6).
-49
Let n(z) = z + 1. Calculate n(4).
5
Let y(h) = -5*h**2 - 26*h + 12. Calculate y(-5).
17
Let q(g) = g**3 - g**2 - 5*g - 1. What is q(3)?
2
Let f(l) = -l**3 - 17*l**2 - 44*l - 21. Calculate f(-14).
7
Let g(s) = -s**3 - 21*s**2 - 2*s - 50. Calculate g(-21).
-8
Let k(v) = v - 22. Give k(19).
-3
Let r(x) = 12*x - 17. Give r(2).
7
Let l(o) = -4*o**3 - 5*o**2 - 4*o + 2. Determine l(-3).
77
Let l(x) = -2*x**2 - x - 6